{"id":2611,"date":"2022-06-10T13:55:17","date_gmt":"2022-06-10T13:55:17","guid":{"rendered":"http:\/\/paulanoval.es\/obrador\/?post_type=product&#038;p=2611"},"modified":"2022-07-15T09:34:31","modified_gmt":"2022-07-15T09:34:31","slug":"cookiesavena-y-chocolate","status":"publish","type":"product","link":"http:\/\/paulanoval.es\/obrador\/product\/cookiesavena-y-chocolate\/","title":{"rendered":"Cookies avena y chocolate"},"content":{"rendered":"","protected":false},"excerpt":{"rendered":"[fusion_checklist icon=\"fusion-prefix-icon-bakery-angle-right-solid\" iconcolor=\"\" circle=\"\" circlecolor=\"\" size=\"14px\" divider=\"\" divider_color=\"\" hide_on_mobile=\"small-visibility,medium-visibility,large-visibility\" class=\"\" id=\"\"][fusion_li_item icon=\"\"]Harina de trigo, mantequilla, chocolate 70%cacao y comercio justo, az\u00facar, avellana, impulsor y sal.[\/fusion_li_item][fusion_li_item icon=\"\"]Contiene gluten, l\u00e1cteos y frutos de c\u00e1scara. Puede contener trazas de centeno, s\u00e9samo, huevo y soja.[\/fusion_li_item][\/fusion_checklist]\n","protected":false},"featured_media":2309,"comment_status":"open","ping_status":"closed","template":"","meta":[],"product_cat":[40],"product_tag":[],"class_list":["post-2611","product","type-product","status-publish","has-post-thumbnail","hentry","product_cat-nuestros-dulces"],"_links":{"self":[{"href":"http:\/\/paulanoval.es\/obrador\/wp-json\/wp\/v2\/product\/2611","targetHints":{"allow":["GET"]}}],"collection":[{"href":"http:\/\/paulanoval.es\/obrador\/wp-json\/wp\/v2\/product"}],"about":[{"href":"http:\/\/paulanoval.es\/obrador\/wp-json\/wp\/v2\/types\/product"}],"replies":[{"embeddable":true,"href":"http:\/\/paulanoval.es\/obrador\/wp-json\/wp\/v2\/comments?post=2611"}],"wp:featuredmedia":[{"embeddable":true,"href":"http:\/\/paulanoval.es\/obrador\/wp-json\/wp\/v2\/media\/2309"}],"wp:attachment":[{"href":"http:\/\/paulanoval.es\/obrador\/wp-json\/wp\/v2\/media?parent=2611"}],"wp:term":[{"taxonomy":"product_cat","embeddable":true,"href":"http:\/\/paulanoval.es\/obrador\/wp-json\/wp\/v2\/product_cat?post=2611"},{"taxonomy":"product_tag","embeddable":true,"href":"http:\/\/paulanoval.es\/obrador\/wp-json\/wp\/v2\/product_tag?post=2611"}],"curies":[{"name":"wp","href":"https:\/\/api.w.org\/{rel}","templated":true}]}}

[fusion_checklist icon="fusion-prefix-icon-bakery-angle-right-solid" iconcolor="" circle="" circlecolor="" size="14px" divider="" divider_color="" hide_on_mobile="small-visibility,medium-visibility,large-visibility" class="" id=""][fusion_li_item icon=""]Harina de trigo, mantequilla, chocolate 70%cacao y comercio justo, azúcar, avellana, impulsor y sal.[/fusion_li_item][fusion_li_item icon=""]Contiene gluten, lácteos y frutos de cáscara. Puede contener trazas de centeno, sésamo, huevo y soja.[/fusion_li_item][/fusion_checklist]
