{"id":2575,"date":"2022-06-10T13:42:51","date_gmt":"2022-06-10T13:42:51","guid":{"rendered":"http:\/\/paulanoval.es\/obrador\/?post_type=product&#038;p=2575"},"modified":"2022-07-15T09:37:48","modified_gmt":"2022-07-15T09:37:48","slug":"trigo-con-escanda","status":"publish","type":"product","link":"http:\/\/paulanoval.es\/obrador\/product\/trigo-con-escanda\/","title":{"rendered":"Trigo con escanda"},"content":{"rendered":"","protected":false},"excerpt":{"rendered":"[fusion_checklist icon=\"fusion-prefix-icon-bakery-angle-right-solid\" iconcolor=\"\" circle=\"\" circlecolor=\"\" size=\"14px\" divider=\"\" divider_color=\"\" hide_on_mobile=\"small-visibility,medium-visibility,large-visibility\" class=\"\" id=\"\"][fusion_li_item icon=\"\"]Harina de trigo espelta, harina de trigo, grano de trigo espelta germinado, masa madre de harina de trigo, agua y sal.[\/fusion_li_item][fusion_li_item icon=\"\"]Contiene gluten. Puede contener trazas de l\u00e1cteos, s\u00e9samo, soja, trigo, frutos de c\u00e1scara y huevo.[\/fusion_li_item][\/fusion_checklist]\n","protected":false},"featured_media":2312,"comment_status":"open","ping_status":"closed","template":"","meta":[],"product_cat":[15],"product_tag":[],"class_list":["post-2575","product","type-product","status-publish","has-post-thumbnail","hentry","product_cat-uncategorized"],"_links":{"self":[{"href":"http:\/\/paulanoval.es\/obrador\/wp-json\/wp\/v2\/product\/2575","targetHints":{"allow":["GET"]}}],"collection":[{"href":"http:\/\/paulanoval.es\/obrador\/wp-json\/wp\/v2\/product"}],"about":[{"href":"http:\/\/paulanoval.es\/obrador\/wp-json\/wp\/v2\/types\/product"}],"replies":[{"embeddable":true,"href":"http:\/\/paulanoval.es\/obrador\/wp-json\/wp\/v2\/comments?post=2575"}],"wp:featuredmedia":[{"embeddable":true,"href":"http:\/\/paulanoval.es\/obrador\/wp-json\/wp\/v2\/media\/2312"}],"wp:attachment":[{"href":"http:\/\/paulanoval.es\/obrador\/wp-json\/wp\/v2\/media?parent=2575"}],"wp:term":[{"taxonomy":"product_cat","embeddable":true,"href":"http:\/\/paulanoval.es\/obrador\/wp-json\/wp\/v2\/product_cat?post=2575"},{"taxonomy":"product_tag","embeddable":true,"href":"http:\/\/paulanoval.es\/obrador\/wp-json\/wp\/v2\/product_tag?post=2575"}],"curies":[{"name":"wp","href":"https:\/\/api.w.org\/{rel}","templated":true}]}}

[fusion_checklist icon="fusion-prefix-icon-bakery-angle-right-solid" iconcolor="" circle="" circlecolor="" size="14px" divider="" divider_color="" hide_on_mobile="small-visibility,medium-visibility,large-visibility" class="" id=""][fusion_li_item icon=""]Harina de trigo espelta, harina de trigo, grano de trigo espelta germinado, masa madre de harina de trigo, agua y sal.[/fusion_li_item][fusion_li_item icon=""]Contiene gluten. Puede contener trazas de lácteos, sésamo, soja, trigo, frutos de cáscara y huevo.[/fusion_li_item][/fusion_checklist]
