{"id":2548,"date":"2022-06-10T13:41:27","date_gmt":"2022-06-10T13:41:27","guid":{"rendered":"http:\/\/paulanoval.es\/obrador\/?post_type=product&#038;p=2548"},"modified":"2022-07-15T09:39:30","modified_gmt":"2022-07-15T09:39:30","slug":"triguero","status":"publish","type":"product","link":"http:\/\/paulanoval.es\/obrador\/product\/triguero\/","title":{"rendered":"Triguero"},"content":{"rendered":"","protected":false},"excerpt":{"rendered":"[fusion_checklist icon=\"fusion-prefix-icon-bakery-angle-right-solid\" iconcolor=\"\" circle=\"\" circlecolor=\"\" size=\"14px\" divider=\"\" divider_color=\"\" hide_on_mobile=\"small-visibility,medium-visibility,large-visibility\" class=\"\" id=\"\"][fusion_li_item icon=\"\"]Harina de trigo, agua, masa madre de harina integral de centeno, centeno en grano, nueces y sal.<br \/>\n[\/fusion_li_item][fusion_li_item icon=\"\"]<span style=\"color: var(--awb-color5);\">Contiene gluten y frutos de c\u00e1scara. Puede contener trazas de l\u00e1cteos, s\u00e9samo, soja y huevo.[\/fusion_li_item][\/fusion_checklist]\n","protected":false},"featured_media":2325,"comment_status":"open","ping_status":"closed","template":"","meta":[],"product_cat":[15],"product_tag":[],"class_list":["post-2548","product","type-product","status-publish","has-post-thumbnail","hentry","product_cat-uncategorized"],"_links":{"self":[{"href":"http:\/\/paulanoval.es\/obrador\/wp-json\/wp\/v2\/product\/2548","targetHints":{"allow":["GET"]}}],"collection":[{"href":"http:\/\/paulanoval.es\/obrador\/wp-json\/wp\/v2\/product"}],"about":[{"href":"http:\/\/paulanoval.es\/obrador\/wp-json\/wp\/v2\/types\/product"}],"replies":[{"embeddable":true,"href":"http:\/\/paulanoval.es\/obrador\/wp-json\/wp\/v2\/comments?post=2548"}],"wp:featuredmedia":[{"embeddable":true,"href":"http:\/\/paulanoval.es\/obrador\/wp-json\/wp\/v2\/media\/2325"}],"wp:attachment":[{"href":"http:\/\/paulanoval.es\/obrador\/wp-json\/wp\/v2\/media?parent=2548"}],"wp:term":[{"taxonomy":"product_cat","embeddable":true,"href":"http:\/\/paulanoval.es\/obrador\/wp-json\/wp\/v2\/product_cat?post=2548"},{"taxonomy":"product_tag","embeddable":true,"href":"http:\/\/paulanoval.es\/obrador\/wp-json\/wp\/v2\/product_tag?post=2548"}],"curies":[{"name":"wp","href":"https:\/\/api.w.org\/{rel}","templated":true}]}}

[fusion_checklist icon="fusion-prefix-icon-bakery-angle-right-solid" iconcolor="" circle="" circlecolor="" size="14px" divider="" divider_color="" hide_on_mobile="small-visibility,medium-visibility,large-visibility" class="" id=""][fusion_li_item icon=""]Harina de trigo, agua, masa madre de harina integral de centeno, centeno en grano, nueces y sal.<br />
[/fusion_li_item][fusion_li_item icon=""]<span style="color: var(--awb-color5);">Contiene gluten y frutos de cáscara. Puede contener trazas de lácteos, sésamo, soja y huevo.[/fusion_li_item][/fusion_checklist]
