{"id":2539,"date":"2022-06-10T13:40:55","date_gmt":"2022-06-10T13:40:55","guid":{"rendered":"http:\/\/paulanoval.es\/obrador\/?post_type=product&#038;p=2539"},"modified":"2022-07-15T09:51:44","modified_gmt":"2022-07-15T09:51:44","slug":"100-integral-trigo-higos-y-avellanas","status":"publish","type":"product","link":"http:\/\/paulanoval.es\/obrador\/product\/100-integral-trigo-higos-y-avellanas\/","title":{"rendered":"100% integral trigo higos y avellanas"},"content":{"rendered":"","protected":false},"excerpt":{"rendered":"[fusion_checklist icon=\"fusion-prefix-icon-bakery-angle-right-solid\" iconcolor=\"\" circle=\"\" circlecolor=\"\" size=\"14px\" divider=\"\" divider_color=\"\" hide_on_mobile=\"small-visibility,medium-visibility,large-visibility\" class=\"\" id=\"\"][fusion_li_item icon=\"\"]Harina integral de trigo, agua, masa madre de harina integral de trigo, higos, avellanas y sal.[\/fusion_li_item][fusion_li_item icon=\"\"]Contiene gluten y frutos de c\u00e1scara. Puede contener trazas de l\u00e1cteos, s\u00e9samo, soja, centeno y huevo.[\/fusion_li_item][\/fusion_checklist]\n","protected":false},"featured_media":2318,"comment_status":"open","ping_status":"closed","template":"","meta":[],"product_cat":[15],"product_tag":[],"class_list":["post-2539","product","type-product","status-publish","has-post-thumbnail","hentry","product_cat-uncategorized"],"_links":{"self":[{"href":"http:\/\/paulanoval.es\/obrador\/wp-json\/wp\/v2\/product\/2539","targetHints":{"allow":["GET"]}}],"collection":[{"href":"http:\/\/paulanoval.es\/obrador\/wp-json\/wp\/v2\/product"}],"about":[{"href":"http:\/\/paulanoval.es\/obrador\/wp-json\/wp\/v2\/types\/product"}],"replies":[{"embeddable":true,"href":"http:\/\/paulanoval.es\/obrador\/wp-json\/wp\/v2\/comments?post=2539"}],"wp:featuredmedia":[{"embeddable":true,"href":"http:\/\/paulanoval.es\/obrador\/wp-json\/wp\/v2\/media\/2318"}],"wp:attachment":[{"href":"http:\/\/paulanoval.es\/obrador\/wp-json\/wp\/v2\/media?parent=2539"}],"wp:term":[{"taxonomy":"product_cat","embeddable":true,"href":"http:\/\/paulanoval.es\/obrador\/wp-json\/wp\/v2\/product_cat?post=2539"},{"taxonomy":"product_tag","embeddable":true,"href":"http:\/\/paulanoval.es\/obrador\/wp-json\/wp\/v2\/product_tag?post=2539"}],"curies":[{"name":"wp","href":"https:\/\/api.w.org\/{rel}","templated":true}]}}

[fusion_checklist icon="fusion-prefix-icon-bakery-angle-right-solid" iconcolor="" circle="" circlecolor="" size="14px" divider="" divider_color="" hide_on_mobile="small-visibility,medium-visibility,large-visibility" class="" id=""][fusion_li_item icon=""]Harina integral de trigo, agua, masa madre de harina integral de trigo, higos, avellanas y sal.[/fusion_li_item][fusion_li_item icon=""]Contiene gluten y frutos de cáscara. Puede contener trazas de lácteos, sésamo, soja, centeno y huevo.[/fusion_li_item][/fusion_checklist]
