{"id":2530,"date":"2022-06-10T13:40:19","date_gmt":"2022-06-10T13:40:19","guid":{"rendered":"http:\/\/paulanoval.es\/obrador\/?post_type=product&#038;p=2530"},"modified":"2022-07-15T09:52:25","modified_gmt":"2022-07-15T09:52:25","slug":"barra-de-trigo","status":"publish","type":"product","link":"http:\/\/paulanoval.es\/obrador\/product\/barra-de-trigo\/","title":{"rendered":"Barra de trigo"},"content":{"rendered":"","protected":false},"excerpt":{"rendered":"[fusion_checklist icon=\"fusion-prefix-icon-bakery-angle-right-solid\" iconcolor=\"\" circle=\"\" circlecolor=\"\" size=\"14px\" divider=\"\" divider_color=\"\" hide_on_mobile=\"small-visibility,medium-visibility,large-visibility\" class=\"\" id=\"\"][fusion_li_item icon=\"\"]Harina de trigo, agua, masa madre de harina de trigo* y sal[\/fusion_li_item][fusion_li_item icon=\"\"]Contiene gluten. Puede contener trazas de frutos de c\u00e1scara, centeno, l\u00e1cteos, huevo, s\u00e9samo y soja.[\/fusion_li_item][\/fusion_checklist]\n","protected":false},"featured_media":2302,"comment_status":"open","ping_status":"closed","template":"","meta":[],"product_cat":[15],"product_tag":[],"class_list":["post-2530","product","type-product","status-publish","has-post-thumbnail","hentry","product_cat-uncategorized"],"_links":{"self":[{"href":"http:\/\/paulanoval.es\/obrador\/wp-json\/wp\/v2\/product\/2530","targetHints":{"allow":["GET"]}}],"collection":[{"href":"http:\/\/paulanoval.es\/obrador\/wp-json\/wp\/v2\/product"}],"about":[{"href":"http:\/\/paulanoval.es\/obrador\/wp-json\/wp\/v2\/types\/product"}],"replies":[{"embeddable":true,"href":"http:\/\/paulanoval.es\/obrador\/wp-json\/wp\/v2\/comments?post=2530"}],"wp:featuredmedia":[{"embeddable":true,"href":"http:\/\/paulanoval.es\/obrador\/wp-json\/wp\/v2\/media\/2302"}],"wp:attachment":[{"href":"http:\/\/paulanoval.es\/obrador\/wp-json\/wp\/v2\/media?parent=2530"}],"wp:term":[{"taxonomy":"product_cat","embeddable":true,"href":"http:\/\/paulanoval.es\/obrador\/wp-json\/wp\/v2\/product_cat?post=2530"},{"taxonomy":"product_tag","embeddable":true,"href":"http:\/\/paulanoval.es\/obrador\/wp-json\/wp\/v2\/product_tag?post=2530"}],"curies":[{"name":"wp","href":"https:\/\/api.w.org\/{rel}","templated":true}]}}

[fusion_checklist icon="fusion-prefix-icon-bakery-angle-right-solid" iconcolor="" circle="" circlecolor="" size="14px" divider="" divider_color="" hide_on_mobile="small-visibility,medium-visibility,large-visibility" class="" id=""][fusion_li_item icon=""]Harina de trigo, agua, masa madre de harina de trigo* y sal[/fusion_li_item][fusion_li_item icon=""]Contiene gluten. Puede contener trazas de frutos de cáscara, centeno, lácteos, huevo, sésamo y soja.[/fusion_li_item][/fusion_checklist]
