{"id":2485,"date":"2022-06-10T13:37:36","date_gmt":"2022-06-10T13:37:36","guid":{"rendered":"http:\/\/paulanoval.es\/obrador\/?post_type=product&#038;p=2485"},"modified":"2022-07-15T10:10:39","modified_gmt":"2022-07-15T10:10:39","slug":"focaccia-de-cebolla-aceituna-kalamata-oregano-y-aove-infusionado-de-romero","status":"publish","type":"product","link":"http:\/\/paulanoval.es\/obrador\/product\/focaccia-de-cebolla-aceituna-kalamata-oregano-y-aove-infusionado-de-romero\/","title":{"rendered":"Focaccia de cebolla, aceituna Kalamata, or\u00e9gano y AOVE infusionado de romero"},"content":{"rendered":"","protected":false},"excerpt":{"rendered":"[fusion_checklist icon=\"fusion-prefix-icon-bakery-angle-right-solid\" iconcolor=\"\" circle=\"\" circlecolor=\"\" size=\"14px\" divider=\"\" divider_color=\"\" hide_on_mobile=\"small-visibility,medium-visibility,large-visibility\" class=\"\" id=\"\"][fusion_li_item icon=\"\"]Harina de trigo, agua, masa madre de harina de centeno, cebolla roja, aceituna Kalamata, aceite de oliva virgen extra, or\u00e9gano y sal.[\/fusion_li_item][fusion_li_item icon=\"\"]Contiene gluten. Puede contener trazas de l\u00e1cteos, huevo,  s\u00e9samo, soja y frutos de c\u00e1scara.[\/fusion_li_item][\/fusion_checklist]\n","protected":false},"featured_media":2311,"comment_status":"open","ping_status":"closed","template":"","meta":[],"product_cat":[15],"product_tag":[],"class_list":["post-2485","product","type-product","status-publish","has-post-thumbnail","hentry","product_cat-uncategorized"],"_links":{"self":[{"href":"http:\/\/paulanoval.es\/obrador\/wp-json\/wp\/v2\/product\/2485","targetHints":{"allow":["GET"]}}],"collection":[{"href":"http:\/\/paulanoval.es\/obrador\/wp-json\/wp\/v2\/product"}],"about":[{"href":"http:\/\/paulanoval.es\/obrador\/wp-json\/wp\/v2\/types\/product"}],"replies":[{"embeddable":true,"href":"http:\/\/paulanoval.es\/obrador\/wp-json\/wp\/v2\/comments?post=2485"}],"wp:featuredmedia":[{"embeddable":true,"href":"http:\/\/paulanoval.es\/obrador\/wp-json\/wp\/v2\/media\/2311"}],"wp:attachment":[{"href":"http:\/\/paulanoval.es\/obrador\/wp-json\/wp\/v2\/media?parent=2485"}],"wp:term":[{"taxonomy":"product_cat","embeddable":true,"href":"http:\/\/paulanoval.es\/obrador\/wp-json\/wp\/v2\/product_cat?post=2485"},{"taxonomy":"product_tag","embeddable":true,"href":"http:\/\/paulanoval.es\/obrador\/wp-json\/wp\/v2\/product_tag?post=2485"}],"curies":[{"name":"wp","href":"https:\/\/api.w.org\/{rel}","templated":true}]}}

Focaccia de cebolla, aceituna Kalamata, orégano y AOVE infusionado de romero

[fusion_checklist icon="fusion-prefix-icon-bakery-angle-right-solid" iconcolor="" circle="" circlecolor="" size="14px" divider="" divider_color="" hide_on_mobile="small-visibility,medium-visibility,large-visibility" class="" id=""][fusion_li_item icon=""]Harina de trigo, agua, masa madre de harina de centeno, cebolla roja, aceituna Kalamata, aceite de oliva virgen extra, orégano y sal.[/fusion_li_item][fusion_li_item icon=""]Contiene gluten. Puede contener trazas de lácteos, huevo,  sésamo, soja y frutos de cáscara.[/fusion_li_item][/fusion_checklist]
