{"id":2440,"date":"2022-06-10T13:25:55","date_gmt":"2022-06-10T13:25:55","guid":{"rendered":"http:\/\/paulanoval.es\/obrador\/?post_type=product&#038;p=2440"},"modified":"2022-07-15T09:57:21","modified_gmt":"2022-07-15T09:57:21","slug":"100-integral-centeno-naranja-confitada-y-ciruelas","status":"publish","type":"product","link":"http:\/\/paulanoval.es\/obrador\/product\/100-integral-centeno-naranja-confitada-y-ciruelas\/","title":{"rendered":"100% integral centeno naranja confitada y ciruelas"},"content":{"rendered":"","protected":false},"excerpt":{"rendered":"[fusion_checklist icon=\"fusion-prefix-icon-bakery-angle-right-solid\" iconcolor=\"\" circle=\"\" circlecolor=\"\" size=\"14px\" divider=\"\" divider_color=\"\" hide_on_mobile=\"small-visibility,medium-visibility,large-visibility\" class=\"\" id=\"\"][fusion_li_item icon=\"\"]Harina integral de centeno, agua, masa madre de harina integral de centeno, naranja confitada en nuestro obrador, ciruela pasa y sal.[\/fusion_li_item][fusion_li_item icon=\"\"]Contiene gluten. Puede contener trazas de l\u00e1cteos, s\u00e9samo, soja, trigo, frutos de c\u00e1scara y huevo.[\/fusion_li_item][\/fusion_checklist]\n","protected":false},"featured_media":2314,"comment_status":"open","ping_status":"closed","template":"","meta":[],"product_cat":[15],"product_tag":[],"class_list":["post-2440","product","type-product","status-publish","has-post-thumbnail","hentry","product_cat-uncategorized"],"_links":{"self":[{"href":"http:\/\/paulanoval.es\/obrador\/wp-json\/wp\/v2\/product\/2440","targetHints":{"allow":["GET"]}}],"collection":[{"href":"http:\/\/paulanoval.es\/obrador\/wp-json\/wp\/v2\/product"}],"about":[{"href":"http:\/\/paulanoval.es\/obrador\/wp-json\/wp\/v2\/types\/product"}],"replies":[{"embeddable":true,"href":"http:\/\/paulanoval.es\/obrador\/wp-json\/wp\/v2\/comments?post=2440"}],"wp:featuredmedia":[{"embeddable":true,"href":"http:\/\/paulanoval.es\/obrador\/wp-json\/wp\/v2\/media\/2314"}],"wp:attachment":[{"href":"http:\/\/paulanoval.es\/obrador\/wp-json\/wp\/v2\/media?parent=2440"}],"wp:term":[{"taxonomy":"product_cat","embeddable":true,"href":"http:\/\/paulanoval.es\/obrador\/wp-json\/wp\/v2\/product_cat?post=2440"},{"taxonomy":"product_tag","embeddable":true,"href":"http:\/\/paulanoval.es\/obrador\/wp-json\/wp\/v2\/product_tag?post=2440"}],"curies":[{"name":"wp","href":"https:\/\/api.w.org\/{rel}","templated":true}]}}

[fusion_checklist icon="fusion-prefix-icon-bakery-angle-right-solid" iconcolor="" circle="" circlecolor="" size="14px" divider="" divider_color="" hide_on_mobile="small-visibility,medium-visibility,large-visibility" class="" id=""][fusion_li_item icon=""]Harina integral de centeno, agua, masa madre de harina integral de centeno, naranja confitada en nuestro obrador, ciruela pasa y sal.[/fusion_li_item][fusion_li_item icon=""]Contiene gluten. Puede contener trazas de lácteos, sésamo, soja, trigo, frutos de cáscara y huevo.[/fusion_li_item][/fusion_checklist]
