{"id":2422,"date":"2022-06-10T13:24:41","date_gmt":"2022-06-10T13:24:41","guid":{"rendered":"http:\/\/paulanoval.es\/obrador\/?post_type=product&#038;p=2422"},"modified":"2022-07-15T09:55:47","modified_gmt":"2022-07-15T09:55:47","slug":"100-integral-centeno","status":"publish","type":"product","link":"http:\/\/paulanoval.es\/obrador\/product\/100-integral-centeno\/","title":{"rendered":"100% integral centeno"},"content":{"rendered":"","protected":false},"excerpt":{"rendered":"[fusion_checklist icon=\"fusion-prefix-icon-bakery-angle-right-solid\" iconcolor=\"\" circle=\"\" circlecolor=\"\" size=\"14px\" divider=\"\" divider_color=\"\" hide_on_mobile=\"small-visibility,medium-visibility,large-visibility\" class=\"\" id=\"\"][fusion_li_item icon=\"\"]Harina integral de centeno, agua, masa madre de harina integral de centeno y sal.<br \/>\n[\/fusion_li_item][fusion_li_item icon=\"\"]Contiene gluten. Puede contener trazas de s\u00e9samo, l\u00e1cteos, huevo, soja y frutos de c\u00e1scara.[\/fusion_li_item][\/fusion_checklist]\n","protected":false},"featured_media":2313,"comment_status":"open","ping_status":"closed","template":"","meta":[],"product_cat":[15],"product_tag":[],"class_list":["post-2422","product","type-product","status-publish","has-post-thumbnail","hentry","product_cat-uncategorized"],"_links":{"self":[{"href":"http:\/\/paulanoval.es\/obrador\/wp-json\/wp\/v2\/product\/2422","targetHints":{"allow":["GET"]}}],"collection":[{"href":"http:\/\/paulanoval.es\/obrador\/wp-json\/wp\/v2\/product"}],"about":[{"href":"http:\/\/paulanoval.es\/obrador\/wp-json\/wp\/v2\/types\/product"}],"replies":[{"embeddable":true,"href":"http:\/\/paulanoval.es\/obrador\/wp-json\/wp\/v2\/comments?post=2422"}],"wp:featuredmedia":[{"embeddable":true,"href":"http:\/\/paulanoval.es\/obrador\/wp-json\/wp\/v2\/media\/2313"}],"wp:attachment":[{"href":"http:\/\/paulanoval.es\/obrador\/wp-json\/wp\/v2\/media?parent=2422"}],"wp:term":[{"taxonomy":"product_cat","embeddable":true,"href":"http:\/\/paulanoval.es\/obrador\/wp-json\/wp\/v2\/product_cat?post=2422"},{"taxonomy":"product_tag","embeddable":true,"href":"http:\/\/paulanoval.es\/obrador\/wp-json\/wp\/v2\/product_tag?post=2422"}],"curies":[{"name":"wp","href":"https:\/\/api.w.org\/{rel}","templated":true}]}}

[fusion_checklist icon="fusion-prefix-icon-bakery-angle-right-solid" iconcolor="" circle="" circlecolor="" size="14px" divider="" divider_color="" hide_on_mobile="small-visibility,medium-visibility,large-visibility" class="" id=""][fusion_li_item icon=""]Harina integral de centeno, agua, masa madre de harina integral de centeno y sal.<br />
[/fusion_li_item][fusion_li_item icon=""]Contiene gluten. Puede contener trazas de sésamo, lácteos, huevo, soja y frutos de cáscara.[/fusion_li_item][/fusion_checklist]
